vative of x**3/3 - 3*x**2/2 - 8*x + 5. Let n = 183 - 166. What is the remainder when l(-6) is divided by n?
12
Suppose -4*w + m = -197, 6*m = 3*w + 3*m - 150. Suppose -19*f - 904 = -15*f. Let y = 243 + f. What is the remainder when w is divided by y?
15
Suppose 0 = -10*o + 7*o + 3, 0 = -4*s - o + 1853. What is the remainder when s is divided by 8?
7
Suppose -84 = q - 2*q. Suppose -3*r + 0*r + s = -q, -4*r - 4*s + 112 = 0. Let h = 17025 - 17010. Calculate the remainder when r is divided by h.
13
Let c = -5685 - -6655. What is the remainder when c is divided by 18?
16
Let x(d) = 6*d + 5. Let y(b) = -11*b - 11. Let q(a) = 5*x(a) + 3*y(a). Calculate the remainder when q(-12) is divided by 11.
6
What is the remainder when (1 + (-6)/(-4))*(18876/30 + -20) is divided by 109?
106
What is the remainder when (-274480)/(-876)*3/2 is divided by 155?
5
Let o be (2*1)/((-2)/25*5). Calculate the remainder when 2 - 5 - (0 + -24) is divided by o*8*5/(-25).
5
Let y = -75 - -87. Let b be (y*(-5)/(-75))/(2/10). Calculate the remainder when 7 is divided by 0 + 6 - (2 - -14)/b.
1
Suppose -5*h = -2*h + 60. What is the remainder when -183*((-40)/(-6))/(-10) is divided by ((-30)/8)/3*h?
22
Let l = -33 - -54. Calculate the remainder when (-2)/((-42)/1383) - ((-621)/(-63) + -10) is divided by (-1)/(1/(-2)) + l.
20
Let v be ((-5)/(-10))/(2/20). Let m be (-4)/(-10)*v + -3. What is the remainder when 0 - (-3 - (19 + m)) is divided by 12?
9
Suppose 49*b - 3629 - 1565 = 0. Calculate the remainder when b is divided by 4.
2
Let y(l) = l**3 + 11*l**2 - 28*l - 17. Let t = 112 - 125. Calculate the remainder when 88 is divided by y(t).
7
Calculate the remainder when (-258)/3483 - (-60432)/81 is divided by 188.
182
Calculate the remainder when 268 is divided by (((-6)/(-16))/((-6)/(-12)))/((-7)/(-28)).
1
Suppose -48*b = -8329 - 2423. Calculate the remainder when 716 is divided by b.
44
Suppose 5*k - 492 = 17*z, -5*z = -2*k - 2*z + 193. Calculate the remainder when k is divided by 11.
7
Suppose 39*t - 216 = 35*t. Calculate the remainder when t is divided by 11.
10
Let f = 22950 + -13157. What is the remainder when f is divided by 83?
82
Suppose 5*h = 0, 6*s - 650 = s + 3*h. Let f = s + -13. Calculate the remainder when f is divided by 26.
13
Suppose 19345 = 3*h - t, -31*h + 3*t - 32251 = -36*h. Calculate the remainder when h is divided by 50.
49
Suppose -44*b - 13 = -45*b + 3*p, b - 5*p = 19. What is the remainder when 197 is divided by b?
1
Suppose 8*w - 11*w + 50258 = 23*w. Calculate the remainder when w is divided by 45.
43
Suppose -264 = -4*w + 4*y, 64 = 3*w - 4*y - 134. Calculate the remainder when 750 is divided by w.
24
Suppose 8*i + 700 = 4*u, 0 = 3*u + 61*i - 57*i - 475. What is the remainder when 523 is divided by u?
28
Suppose t = -3*a - 14, -4*t + 3*a + 26 = 7. Suppose 0 = 3*f - 2*p - 50, 2*f = -2*f + 2*p + 64. Calculate the remainder when ((-7)/f)/(0 - 3/24) is divided by t.
0
Let h(u) = -8*u. Let x be h(1). Calculate the remainder when 29 is divided by ((-56)/(-6))/(x/(-12)).
1
Let k(r) = 195*r + 3722. Let n(p) = p - 4. Let q be n(5). Let i(s) = 100*s - 1. Calculate the remainder when i(q) is divided by k(-19).
14
Suppose 450 = 19*u - 24*u. Let w = 94 + u. Suppose 3*l + 3*i = 87, 3*l + w*i - 49 = 40. Calculate the remainder when l is divided by 7.
6
Let j(g) = -126 + 3*g - 16 + 3*g + 0*g. Calculate the remainder when 11 is divided by j(24).
1
Let i = 28212 - 26175. Calculate the remainder when i is divided by 341.
332
Let r = -1602 + 2928. Suppose -32*y + r = -15*y. Suppose -3*t = 3*c - 25 - 44, -2*t = 3*c - 73. Calculate the remainder when y is divided by c.
24
Let z be 35 + (0 - (-3 + 4)). Let y = z - -59. Calculate the remainder when y is divided by (12/(-9))/(7/(-126)).
21
Suppose -77*q = -76*q - 4*i - 1663, i = -4*q + 6601. Calculate the remainder when q is divided by 59.
58
Suppose -1309 = 2*h - 1349. Calculate the remainder when 36 is divided by h.
16
Let a be -4 + (-1 + 3 - 3). Let q(y) = -y**2 - 6*y - 2. Let k be q(a). Suppose k*d = 8*d - 70. Calculate the remainder when 53 is divided by d.
11
Let o(v) = 20*v - 26. Let j be o(5). Suppose 5*l + 59 = -6. Let c = l + j. What is the remainder when c is divided by 16?
13
Suppose 3*x - 9 = -4*w + 5, 5*x - 62 = 3*w. Let m = x + -7. Suppose 0 = -m*p - 24 + 138. Calculate the remainder when p is divided by 14.
10
Suppose -2*a + 244 = -4*b, -2*a + 628 = 3*a - b. Let r = a + -115. Let m = 10 - -4. Calculate the remainder when m is divided by r.
3
Let t be 1*(-7 + -8) - -7. Let d(y) = y**3 - 7*y**2 + 9*y - 4. What is the remainder when d(6) is divided by 2 + t/((-48)/18)?
4
What is the remainder when (-5685)/(-6)*2 - (-89 - -83) is divided by 212?
205
Suppose 13*n + 336 = 41*n. Suppose 412 - 133 = 2*k + 5*y, -k + y = -143. What is the remainder when k is divided by n?
10
Let o(t) = -5*t**2 - 7. Let y(m) = -20*m**2 - m - 28. Suppose q + 1 = 3. Let s(x) = q*y(x) - 9*o(x). Calculate the remainder when 136 is divided by s(3).
44
Suppose -173 = 10*f - 1113. Calculate the remainder when f is divided by 33.
28
Let d(c) = -c**3 - 20*c**2 - 40*c + 5646. What is the remainder when d(0) is divided by 269?
266
Let t = -31 - -66. Suppose -4*z = 0, -12*z + 14*z = d - 698. Suppose -5*b = -3*i - 704, 5*b - d = -4*i + 5*i. What is the remainder when b is divided by t?
34
Let f(b) = 2*b**3 - 3*b**2 + 4*b - 7. Let g be f(2). Suppose -l + w = -5, g*l + 10*w - 28 = 12*w. Calculate the remainder when 119 is divided by l.
5
Let z = -3517 + 3536. Calculate the remainder when 5393 is divided by z.
16
Let i(r) = -3*r + 11. Let b(o) = 9*o**2 - 9*o**2 + 2*o - 5*o**2. Let w be b(-1). Calculate the remainder when 62 is divided by i(w).
30
Suppose -4*i - 51 = -7*d + 8*d, 6 = -2*i. Calculate the remainder when (-92)/(-3) + 26/d is divided by 17.
13
Suppose 0 = -6*a - 504 - 234. Let q = a - -217. Calculate the remainder when q is divided by -3 + 2 + 250/5.
45
Let h be (-43)/(-5) - 27/45. Suppose 5*x - h - 5 = -3*b, 5*b + 15 = -x. What is the remainder when 18 is divided by x?
3
Suppose -4*w + 152 = 2*c, 4*w - w = -2*c + 150. Suppose 3061 = 117*s + 25*s - 773. Calculate the remainder when c is divided by s.
18
Let f = 13485 + -13124. What is the remainder when 1105 is divided by f?
22
Suppose -113*v - 35 + 1730 = 0. What is the remainder when -3 - (-289 + 3 + 1) is divided by v?
12
Let x = -100 - -100. Suppose 6*v - v - 280 = x. Let z = 28 - 9. Calculate the remainder when v is divided by z.
18
Let j(b) = -75*b + 1180. Calculate the remainder when 3074 is divided by j(15).
49
Let j(z) = 164*z**3 - 3*z**2 + 24*z. Let q(u) = -55*u**3 + u**2 - 9*u. Let s(x) = -3*j(x) - 8*q(x). What is the remainder when s(-2) is divided by 47?
44
Let r = -8180 + 8587. Calculate the remainder when r is divided by 59.
53
Suppose -p + 151 = 4*r, -2*p - r = -3*r - 322. Let c = -156 + p. Calculate the remainder when c is divided by 1.
0
Suppose -u - u - 102 = -2*g, u = -4*g + 189. Let j be 3/(-15) + (0 - (-1)/5). Let c(m) = -m**2 - m + 26. What is the remainder when g is divided by c(j)?
22
Suppose -3642 = -2*q - 2*w, -12*w + 20 = -16*w. Calculate the remainder when q is divided by 87.
86
Calculate the remainder when (174 - -16)/(-10) + 995 is divided by 193.
11
Suppose 32 = 6*i + 2. Suppose 5*d - 28 - 27 = -2*c, 4*d + i*c = 61. Calculate the remainder when 22 is divided by d.
4
Let k(f) = -4*f - 2. Let t be k(-3). Suppose -t - 4 = -7*p. Suppose y - 36 = 3*w + p*w, -y = -4*w - 36. Calculate the remainder when 141 is divided by y.
33
Suppose 3*d - 200 = -d - 5*q, q = d - 41. Let f = -40 + d. Suppose 6*m - 5*m - 6 = 0. Calculate the remainder when m is divided by f.
1
Let j = 28 - 36. Let s(d) = -d**2 - 20*d - 44. Calculate the remainder when s(j) is divided by 5.
2
Suppose 3*a + 24 = 2*g, 15*g = 20*g - 2*a - 71. Suppose -q - 2*u + 200 = 0, 0 = 2*q + 5*u - 6*u - 405. What is the remainder when q is divided by g?
7
Let o be (2 + 36/(-15))*-15. Suppose 19*b = 21*b - 176. What is the remainder when b is divided by (-23)/(o/(-8) - 1/4)?
19
Suppose 4*u + l = 99, 0 = -5*u - 9*l + 7*l + 123. Let d = -290 - -484. Calculate the remainder when d is divided by u.
19
What is the remainder when 2033 is divided by (-47)/((-893)/2145) - (-2)/19?
112
Let r(t) = -t**2 - 16*t - 51. Let u be r(-